{"id":1915,"date":"2020-12-16T01:43:16","date_gmt":"2020-12-16T00:43:16","guid":{"rendered":"http:\/\/www.darmbakterien-buch.de\/?page_id=1915"},"modified":"2022-08-02T13:05:45","modified_gmt":"2022-08-02T11:05:45","slug":"vortrag-mikrobiom-und-menschenbild-2021","status":"publish","type":"page","link":"https:\/\/www.darmbakterien-buch.de\/pl\/vortrag-mikrobiom-und-menschenbild-2021\/","title":{"rendered":"Vortrag: \u201eMikrobiom und Menschenbild\u201c"},"content":{"rendered":"<p><strong>Freitag, den 28. Oktober 2022, 17 Uhr, 76530 Baden-Baden<\/strong><\/p>\n<p>im Rahmen der Tagung F.X. Mayr<\/p>\n<p>Beim Verh\u00e4ltnis Mensch und Mikroben wird gew\u00f6hnlich davon ausgegangen, dass ein von au\u00dfen eindringender \u201eErreger\u201c eine Krankheit ausl\u00f6sen kann. Diese Vorstellung f\u00fchrt zu Therapiekonzepten, die auf Beseitigung des \u201eErregers\u201c zielen. Zugrunde liegt diesem linear-kausalen Denkmodell ein Menschenbild, welches aus dem 19. Jahrhundert stammt. Damals hielt man den Menschen f\u00fcr steril und alle Bakterien f\u00fcr eine Bedrohung. Als man sp\u00e4ter erkannte, dass Einzeller nat\u00fcrlicherweise in jedem Menschen vorkommen, kategorisierte man sie in pathogene und physiologische, worauf die Trennung in Antibiotika und Probiotika baut. Mit der modernen Mikrobiomforschung sind diese Vorstellungen beibehalten worden, obwohl sie jetzigen Forschungsergebnissen widersprechen. So kommen, wie man jetzt wei\u00df, dieselben Bakterien in gesunden wie in kranken Zust\u00e4nden vor. Auch f\u00fchrt nicht jede \u201eInfektion mit Pathogen\u201c zu einer Krankheit.<\/p>\n<p>Der Mensch ist mikrobiell gesund, wenn sein Mikrobiom als Ganzes gesund ist.<\/p>\n<p>Um zu heilsamen Therapiekonzepten zu kommen ist ein Menschenbild zugrundezulegen, das die Person als Individuum in einem dynamischen Flie\u00dfgleichgewicht mit den Mikroben versteht, dessen Stabilit\u00e4t \u2013 abzulesen an Vielfalt, F\u00fclle und kommunikativer Ordnung im Mikrobiom \u2013 ausschlaggebend f\u00fcr Gesundheit oder Erkrankung ist.<\/p>\n<p>Eine entsprechende Mikrobiomtherapie kann vorsorglich zur St\u00e4rkung eingesetzt werden, und hat sich f\u00fcr die Heilung verschiedenartigster Erkrankungen als erfolgreich gezeigt.<\/p>\n<p>Beim Fasten unterst\u00fctzt bewusste Mikrobiompflege das Ergebnis.<\/p>\n<p><strong>Ort:<\/strong> Kongresshaus Baden-Baden, Augustaplatz 10, Im Rahmen der Medizinischen Woche 2022 <a href=\"http:\/\/www.medwoche.de\/index.htm\">www.medwoche.de<\/a><br \/>\n<strong>Anmeldung erforderlich:<\/strong>\u00a0z.B. unter\u00a0<a href=\"http:\/\/www.medwoche.de\/ticketbuchung.htm\">www.medwoche.de\/ticketbuchung.htm<\/a><\/p>\n","protected":false},"excerpt":{"rendered":"<p>Freitag, den 28. Oktober 2022, 17 Uhr, 76530 Baden-Baden im Rahmen der Tagung F.X. Mayr [&hellip;]<\/p>\n","protected":false},"author":2,"featured_media":0,"parent":0,"menu_order":0,"comment_status":"closed","ping_status":"closed","template":"","meta":{"footnotes":""},"class_list":["post-1915","page","type-page","status-publish","hentry"],"yoast_head":"<!-- This site is optimized with the Yoast SEO plugin v27.5 - https:\/\/yoast.com\/product\/yoast-seo-wordpress\/ -->\n<title>Vortrag: \u201eMikrobiom und Menschenbild\u201c - Darmbakterien als Schl\u00fcssel zur Gesundheit, Dr. Zschocke<\/title>\n<meta name=\"robots\" content=\"index, follow, max-snippet:-1, max-image-preview:large, max-video-preview:-1\" \/>\n<link rel=\"canonical\" href=\"https:\/\/www.darmbakterien-buch.de\/pl\/vortrag-mikrobiom-und-menschenbild-2021\/\" \/>\n<meta property=\"og:locale\" content=\"pl_PL\" \/>\n<meta property=\"og:type\" content=\"article\" \/>\n<meta property=\"og:title\" content=\"Vortrag: \u201eMikrobiom und Menschenbild\u201c - Darmbakterien als Schl\u00fcssel zur Gesundheit, Dr. Zschocke\" \/>\n<meta property=\"og:description\" content=\"Freitag, den 28. Oktober 2022, 17 Uhr, 76530 Baden-Baden im Rahmen der Tagung F.X. Mayr [&hellip;]\" \/>\n<meta property=\"og:url\" content=\"https:\/\/www.darmbakterien-buch.de\/pl\/vortrag-mikrobiom-und-menschenbild-2021\/\" \/>\n<meta property=\"og:site_name\" content=\"Darmbakterien als Schl\u00fcssel zur Gesundheit\" \/>\n<meta property=\"article:modified_time\" content=\"2022-08-02T11:05:45+00:00\" \/>\n<meta name=\"twitter:label1\" content=\"Szacowany czas czytania\" \/>\n\t<meta name=\"twitter:data1\" content=\"2 minuty\" \/>\n<script type=\"application\/ld+json\" class=\"yoast-schema-graph\">{\"@context\":\"https:\\\/\\\/schema.org\",\"@graph\":[{\"@type\":\"WebPage\",\"@id\":\"https:\\\/\\\/www.darmbakterien-buch.de\\\/pl\\\/vortrag-mikrobiom-und-menschenbild-2021\\\/\",\"url\":\"https:\\\/\\\/www.darmbakterien-buch.de\\\/pl\\\/vortrag-mikrobiom-und-menschenbild-2021\\\/\",\"name\":\"Vortrag: \u201eMikrobiom und Menschenbild\u201c - Darmbakterien als Schl\u00fcssel zur Gesundheit, Dr. Zschocke\",\"isPartOf\":{\"@id\":\"https:\\\/\\\/www.darmbakterien-buch.de\\\/#website\"},\"datePublished\":\"2020-12-16T00:43:16+00:00\",\"dateModified\":\"2022-08-02T11:05:45+00:00\",\"breadcrumb\":{\"@id\":\"https:\\\/\\\/www.darmbakterien-buch.de\\\/pl\\\/vortrag-mikrobiom-und-menschenbild-2021\\\/#breadcrumb\"},\"inLanguage\":\"pl-PL\",\"potentialAction\":[{\"@type\":\"ReadAction\",\"target\":[\"https:\\\/\\\/www.darmbakterien-buch.de\\\/pl\\\/vortrag-mikrobiom-und-menschenbild-2021\\\/\"]}]},{\"@type\":\"BreadcrumbList\",\"@id\":\"https:\\\/\\\/www.darmbakterien-buch.de\\\/pl\\\/vortrag-mikrobiom-und-menschenbild-2021\\\/#breadcrumb\",\"itemListElement\":[{\"@type\":\"ListItem\",\"position\":1,\"name\":\"Home\",\"item\":\"http:\\\/\\\/www.darmbakterien-buch.de\\\/pl\\\/\"},{\"@type\":\"ListItem\",\"position\":2,\"name\":\"Vortrag: \u201eMikrobiom und Menschenbild\u201c\"}]},{\"@type\":\"WebSite\",\"@id\":\"https:\\\/\\\/www.darmbakterien-buch.de\\\/#website\",\"url\":\"https:\\\/\\\/www.darmbakterien-buch.de\\\/\",\"name\":\"Darmbakterien als Schl\u00fcssel zur Gesundheit\",\"description\":\"Buch von Dr. Anne Katharina Zschocke\",\"potentialAction\":[{\"@type\":\"SearchAction\",\"target\":{\"@type\":\"EntryPoint\",\"urlTemplate\":\"https:\\\/\\\/www.darmbakterien-buch.de\\\/?s={search_term_string}\"},\"query-input\":{\"@type\":\"PropertyValueSpecification\",\"valueRequired\":true,\"valueName\":\"search_term_string\"}}],\"inLanguage\":\"pl-PL\"}]}<\/script>\n<!-- \/ Yoast SEO plugin. -->","yoast_head_json":{"title":"Vortrag: \u201eMikrobiom und Menschenbild\u201c - Darmbakterien als Schl\u00fcssel zur Gesundheit, Dr. Zschocke","robots":{"index":"index","follow":"follow","max-snippet":"max-snippet:-1","max-image-preview":"max-image-preview:large","max-video-preview":"max-video-preview:-1"},"canonical":"https:\/\/www.darmbakterien-buch.de\/pl\/vortrag-mikrobiom-und-menschenbild-2021\/","og_locale":"pl_PL","og_type":"article","og_title":"Vortrag: \u201eMikrobiom und Menschenbild\u201c - Darmbakterien als Schl\u00fcssel zur Gesundheit, Dr. Zschocke","og_description":"Freitag, den 28. Oktober 2022, 17 Uhr, 76530 Baden-Baden im Rahmen der Tagung F.X. Mayr [&hellip;]","og_url":"https:\/\/www.darmbakterien-buch.de\/pl\/vortrag-mikrobiom-und-menschenbild-2021\/","og_site_name":"Darmbakterien als Schl\u00fcssel zur Gesundheit","article_modified_time":"2022-08-02T11:05:45+00:00","twitter_misc":{"Szacowany czas czytania":"2 minuty"},"schema":{"@context":"https:\/\/schema.org","@graph":[{"@type":"WebPage","@id":"https:\/\/www.darmbakterien-buch.de\/pl\/vortrag-mikrobiom-und-menschenbild-2021\/","url":"https:\/\/www.darmbakterien-buch.de\/pl\/vortrag-mikrobiom-und-menschenbild-2021\/","name":"Vortrag: \u201eMikrobiom und Menschenbild\u201c - Darmbakterien als Schl\u00fcssel zur Gesundheit, Dr. Zschocke","isPartOf":{"@id":"https:\/\/www.darmbakterien-buch.de\/#website"},"datePublished":"2020-12-16T00:43:16+00:00","dateModified":"2022-08-02T11:05:45+00:00","breadcrumb":{"@id":"https:\/\/www.darmbakterien-buch.de\/pl\/vortrag-mikrobiom-und-menschenbild-2021\/#breadcrumb"},"inLanguage":"pl-PL","potentialAction":[{"@type":"ReadAction","target":["https:\/\/www.darmbakterien-buch.de\/pl\/vortrag-mikrobiom-und-menschenbild-2021\/"]}]},{"@type":"BreadcrumbList","@id":"https:\/\/www.darmbakterien-buch.de\/pl\/vortrag-mikrobiom-und-menschenbild-2021\/#breadcrumb","itemListElement":[{"@type":"ListItem","position":1,"name":"Home","item":"http:\/\/www.darmbakterien-buch.de\/pl\/"},{"@type":"ListItem","position":2,"name":"Vortrag: \u201eMikrobiom und Menschenbild\u201c"}]},{"@type":"WebSite","@id":"https:\/\/www.darmbakterien-buch.de\/#website","url":"https:\/\/www.darmbakterien-buch.de\/","name":"Darmbakterien als Schl\u00fcssel zur Gesundheit","description":"Buch von Dr. Anne Katharina Zschocke","potentialAction":[{"@type":"SearchAction","target":{"@type":"EntryPoint","urlTemplate":"https:\/\/www.darmbakterien-buch.de\/?s={search_term_string}"},"query-input":{"@type":"PropertyValueSpecification","valueRequired":true,"valueName":"search_term_string"}}],"inLanguage":"pl-PL"}]}},"_links":{"self":[{"href":"https:\/\/www.darmbakterien-buch.de\/pl\/wp-json\/wp\/v2\/pages\/1915","targetHints":{"allow":["GET"]}}],"collection":[{"href":"https:\/\/www.darmbakterien-buch.de\/pl\/wp-json\/wp\/v2\/pages"}],"about":[{"href":"https:\/\/www.darmbakterien-buch.de\/pl\/wp-json\/wp\/v2\/types\/page"}],"author":[{"embeddable":true,"href":"https:\/\/www.darmbakterien-buch.de\/pl\/wp-json\/wp\/v2\/users\/2"}],"replies":[{"embeddable":true,"href":"https:\/\/www.darmbakterien-buch.de\/pl\/wp-json\/wp\/v2\/comments?post=1915"}],"version-history":[{"count":3,"href":"https:\/\/www.darmbakterien-buch.de\/pl\/wp-json\/wp\/v2\/pages\/1915\/revisions"}],"predecessor-version":[{"id":2316,"href":"https:\/\/www.darmbakterien-buch.de\/pl\/wp-json\/wp\/v2\/pages\/1915\/revisions\/2316"}],"wp:attachment":[{"href":"https:\/\/www.darmbakterien-buch.de\/pl\/wp-json\/wp\/v2\/media?parent=1915"}],"curies":[{"name":"wp","href":"https:\/\/api.w.org\/{rel}","templated":true}]}}

<p><strong>Freitag, den 28. Oktober 2022, 17 Uhr, 76530 Baden-Baden</strong></p>
<p>im Rahmen der Tagung F.X. Mayr</p>
<p>Beim Verhältnis Mensch und Mikroben wird gewöhnlich davon ausgegangen, dass ein von außen eindringender „Erreger“ eine Krankheit auslösen kann. Diese Vorstellung führt zu Therapiekonzepten, die auf Beseitigung des „Erregers“ zielen. Zugrunde liegt diesem linear-kausalen Denkmodell ein Menschenbild, welches aus dem 19. Jahrhundert stammt. Damals hielt man den Menschen für steril und alle Bakterien für eine Bedrohung. Als man später erkannte, dass Einzeller natürlicherweise in jedem Menschen vorkommen, kategorisierte man sie in pathogene und physiologische, worauf die Trennung in Antibiotika und Probiotika baut. Mit der modernen Mikrobiomforschung sind diese Vorstellungen beibehalten worden, obwohl sie jetzigen Forschungsergebnissen widersprechen. So kommen, wie man jetzt weiß, dieselben Bakterien in gesunden wie in kranken Zuständen vor. Auch führt nicht jede „Infektion mit Pathogen“ zu einer Krankheit.</p>
<p>Der Mensch ist mikrobiell gesund, wenn sein Mikrobiom als Ganzes gesund ist.</p>
<p>Um zu heilsamen Therapiekonzepten zu kommen ist ein Menschenbild zugrundezulegen, das die Person als Individuum in einem dynamischen Fließgleichgewicht mit den Mikroben versteht, dessen Stabilität – abzulesen an Vielfalt, Fülle und kommunikativer Ordnung im Mikrobiom – ausschlaggebend für Gesundheit oder Erkrankung ist.</p>
<p>Eine entsprechende Mikrobiomtherapie kann vorsorglich zur Stärkung eingesetzt werden, und hat sich für die Heilung verschiedenartigster Erkrankungen als erfolgreich gezeigt.</p>
<p>Beim Fasten unterstützt bewusste Mikrobiompflege das Ergebnis.</p>
<p><strong>Ort:</strong> Kongresshaus Baden-Baden, Augustaplatz 10, Im Rahmen der Medizinischen Woche 2022 <a href="http://www.medwoche.de/index.htm">www.medwoche.de</a><br />
<strong>Anmeldung erforderlich:</strong> z.B. unter <a href="http://www.medwoche.de/ticketbuchung.htm">www.medwoche.de/ticketbuchung.htm</a></p>

<!-- This site is optimized with the Yoast SEO plugin v27.5 - https://yoast.com/product/yoast-seo-wordpress/ -->
<title>Vortrag: „Mikrobiom und Menschenbild“ - Darmbakterien als Schlüssel zur Gesundheit, Dr. Zschocke</title>
<meta name="robots" content="index, follow, max-snippet:-1, max-image-preview:large, max-video-preview:-1" />
<link rel="canonical" href="https://www.darmbakterien-buch.de/pl/vortrag-mikrobiom-und-menschenbild-2021/" />
<meta property="og:locale" content="pl_PL" />
<meta property="og:type" content="article" />
<meta property="og:title" content="Vortrag: „Mikrobiom und Menschenbild“ - Darmbakterien als Schlüssel zur Gesundheit, Dr. Zschocke" />
<meta property="og:description" content="Freitag, den 28. Oktober 2022, 17 Uhr, 76530 Baden-Baden im Rahmen der Tagung F.X. Mayr [&hellip;]" />
<meta property="og:url" content="https://www.darmbakterien-buch.de/pl/vortrag-mikrobiom-und-menschenbild-2021/" />
<meta property="og:site_name" content="Darmbakterien als Schlüssel zur Gesundheit" />
<meta property="article:modified_time" content="2022-08-02T11:05:45+00:00" />
<meta name="twitter:label1" content="Szacowany czas czytania" />
	<meta name="twitter:data1" content="2 minuty" />
<script type="application/ld+json" class="yoast-schema-graph">{"@context":"https:\/\/schema.org","@graph":[{"@type":"WebPage","@id":"https:\/\/www.darmbakterien-buch.de\/pl\/vortrag-mikrobiom-und-menschenbild-2021\/","url":"https:\/\/www.darmbakterien-buch.de\/pl\/vortrag-mikrobiom-und-menschenbild-2021\/","name":"Vortrag: „Mikrobiom und Menschenbild“ - Darmbakterien als Schlüssel zur Gesundheit, Dr. Zschocke","isPartOf":{"@id":"https:\/\/www.darmbakterien-buch.de\/#website"},"datePublished":"2020-12-16T00:43:16+00:00","dateModified":"2022-08-02T11:05:45+00:00","breadcrumb":{"@id":"https:\/\/www.darmbakterien-buch.de\/pl\/vortrag-mikrobiom-und-menschenbild-2021\/#breadcrumb"},"inLanguage":"pl-PL","potentialAction":[{"@type":"ReadAction","target":["https:\/\/www.darmbakterien-buch.de\/pl\/vortrag-mikrobiom-und-menschenbild-2021\/"]}]},{"@type":"BreadcrumbList","@id":"https:\/\/www.darmbakterien-buch.de\/pl\/vortrag-mikrobiom-und-menschenbild-2021\/#breadcrumb","itemListElement":[{"@type":"ListItem","position":1,"name":"Home","item":"http:\/\/www.darmbakterien-buch.de\/pl\/"},{"@type":"ListItem","position":2,"name":"Vortrag: „Mikrobiom und Menschenbild“"}]},{"@type":"WebSite","@id":"https:\/\/www.darmbakterien-buch.de\/#website","url":"https:\/\/www.darmbakterien-buch.de\/","name":"Darmbakterien als Schlüssel zur Gesundheit","description":"Buch von Dr. Anne Katharina Zschocke","potentialAction":[{"@type":"SearchAction","target":{"@type":"EntryPoint","urlTemplate":"https:\/\/www.darmbakterien-buch.de\/?s={search_term_string}"},"query-input":{"@type":"PropertyValueSpecification","valueRequired":true,"valueName":"search_term_string"}}],"inLanguage":"pl-PL"}]}</script>
<!-- / Yoast SEO plugin. -->

Vortrag: „Mikrobiom und Menschenbild“ - Darmbakterien als Schlüssel zur Gesundheit, Dr. Zschocke

Darmbakterien als Schlüssel zur Gesundheit
